factors of 40995525?
3, 5, 271, 2017
List the prime factors of 374793049.
374793049
List the prime factors of 119271763.
13, 9174751
What are the prime factors of 692463542?
2, 193, 1793947
What are the prime factors of 2786862704?
2, 174178919
What are the prime factors of 608566306?
2, 17, 37, 483757
What are the prime factors of 1051924911?
3, 19, 37, 498779
List the prime factors of 649015169.
11, 137, 241, 1787
List the prime factors of 7546351952.
2, 17, 157, 176713
List the prime factors of 687480906.
2, 3, 7, 16368593
What are the prime factors of 205944784?
2, 61, 79, 2671
What are the prime factors of 12813569?
12813569
List the prime factors of 11547851.
7, 1649693
What are the prime factors of 257135728?
2, 653, 24611
What are the prime factors of 1627327542?
2, 3, 19, 283, 50441
List the prime factors of 32492540.
2, 5, 1624627
What are the prime factors of 273208477?
14033, 19469
What are the prime factors of 6051816898?
2, 10301, 293749
List the prime factors of 235719268.
2, 58929817
What are the prime factors of 20620140?
2, 3, 5, 557, 617
List the prime factors of 68908309.
68908309
List the prime factors of 298385921.
17, 181, 96973
What are the prime factors of 1853751420?
2, 3, 5, 1144291
List the prime factors of 405381936.
2, 3, 8445457
What are the prime factors of 186036848?
2, 17, 179, 3821
What are the prime factors of 72439999?
29, 2497931
List the prime factors of 122624806.
2, 61312403
What are the prime factors of 309574973?
309574973
List the prime factors of 232676317.
232676317
What are the prime factors of 99736960?
2, 5, 17, 89, 103
What are the prime factors of 785791910?
2, 5, 347, 226453
List the prime factors of 128971321.
128971321
What are the prime factors of 110962637?
179, 229, 2707
What are the prime factors of 1002879601?
101, 9929501
What are the prime factors of 97557706?
2, 89, 139, 3943
List the prime factors of 3388993.
3388993
List the prime factors of 3337486261.
3337486261
List the prime factors of 6928935767.
13, 31, 17193389
What are the prime factors of 124100696?
2, 421, 36847
List the prime factors of 72194136.
2, 3, 7, 429727
What are the prime factors of 361969122?
2, 3, 60328187
What are the prime factors of 4110159612?
2, 3, 13, 71, 371087
List the prime factors of 36505122.
2, 3, 739, 8233
What are the prime factors of 1568619?
3, 13, 41, 109
List the prime factors of 671735474.
2, 335867737
What are the prime factors of 2229605465?
5, 103, 4329331
What are the prime factors of 49456166?
2, 24728083
List the prime factors of 76768698.
2, 3, 53, 73, 3307
List the prime factors of 956512114.
2, 478256057
What are the prime factors of 914665832?
2, 1607, 71147
List the prime factors of 27005353.
27005353
List the prime factors of 2864883527.
11, 83, 3137879
List the prime factors of 184748509.
11, 16795319
List the prime factors of 1606476980.
2, 5, 19, 4227571
List the prime factors of 837670111.
837670111
What are the prime factors of 1763046075?
3, 5, 7, 523, 6421
List the prime factors of 85358428.
2, 17, 23, 54577
List the prime factors of 4530574663.
2281, 1986223
What are the prime factors of 121928221?
23, 5301227
What are the prime factors of 2408070649?
43, 56001643
List the prime factors of 807254023.
23, 3461, 10141
What are the prime factors of 851404522?
2, 31, 13732331
List the prime factors of 97343488.
2, 11, 29, 149
List the prime factors of 1882095190.
2, 5, 53, 3551123
What are the prime factors of 331240676?
2, 13, 490001
List the prime factors of 196549660.
2, 5, 1993, 4931
What are the prime factors of 80745000?
2, 3, 5, 7, 769
What are the prime factors of 211624725?
3, 5, 13, 23, 9437
What are the prime factors of 4074068280?
2, 3, 5, 83, 409043
List the prime factors of 172261818.
2, 3, 9570101
List the prime factors of 5807233584.
2, 3, 421, 95791
What are the prime factors of 48630345?
3, 5, 3242023
What are the prime factors of 1140576929?
1140576929
List the prime factors of 2500261822.
2, 3739, 334349
List the prime factors of 239842833.
3, 19, 47, 89527
What are the prime factors of 892392703?
19, 223, 210619
What are the prime factors of 217409452?
2, 13, 421, 9931
What are the prime factors of 812984840?
2, 5, 29, 700849
List the prime factors of 81672267.
3, 17, 94201
What are the prime factors of 695109680?
2, 5, 19, 23, 59, 337
What are the prime factors of 878024214?
2, 3, 241, 202403
What are the prime factors of 215596389?
3, 3391, 21193
List the prime factors of 231426315.
3, 5, 31, 18433
What are the prime factors of 124169675?
5, 7, 101363
What are the prime factors of 4936465042?
2, 2687, 918583
What are the prime factors of 45879811?
1559, 29429
List the prime factors of 241470993.
3, 80490331
What are the prime factors of 1027841367?
3, 7, 48944827
What are the prime factors of 86947368?
2, 3, 47, 77081
What are the prime factors of 3253579760?
2, 5, 19, 2140513
What are the prime factors of 288818531?
288818531
List the prime factors of 135078635.
5, 27015727
List the prime factors of 273301825.
5, 10932073
What are the prime factors of 2759261316?
2, 3, 7, 109, 301361
List the prime factors of 150843801.
3, 50281267
What are the prime factors of 998884818?
2, 3, 18497867
What are the prime factors of 28825142?
2, 67, 89, 2417
What are the prime factors of 7061411?
7, 1008773
What are the prime factors of 15000074?
2, 233, 32189
What are the prime factors of 64931227?
19, 773, 4421
What are the prime factors of 112488357?
3, 919, 40801
What are the prime factors of 159153878?
2, 13, 373, 16411
What are the prime factors of 51294576?
2, 3, 17, 62861
What are the prime factors of 335123743?
167, 719, 2791
List the prime factors of 110532385.
5, 17, 76493
What are the prime factors of 45195481?
45195481
List the prime factors of 712145560.
2, 5, 7, 593, 4289
What are the prime factors of 57137389?
19, 251, 11981
What are the prime factors of 25204122?
2, 3, 155581
What are the prime factors of 61363242?
2, 3, 37, 199, 463
What are the prime factors of 417929301?
3, 19, 443, 613
What are the prime factors of 63511174?
2, 31755587
What are the prime factors of 509734583?
509734583
What are the prime factors of 1247610503?
16823, 74161
What are the prime factors of 128923118?
2, 64461559
List the prime factors of 404522258.
2, 7, 37, 780931
What are the prime factors of 20560579?
13, 43, 36781
List the prime factors of 351489716.
2, 157, 631, 887
List the prime factors of 200365343.
3527, 56809
List the prime factors of 406339651.
233, 487, 3581
List the prime factors of 2366608385.
5, 6211, 76207
List the prime factors of 127664267.
47, 2716261
List the prime factors of 3876859606.
2, 29, 1789, 37363
List the prime factors of 980937852.
2, 3, 19, 4302359
List the prime factors of 2223778051.
11, 769, 23899
List the prime factors of 20214902.
2, 43, 235057
What are the prime factors of 230632854?
2, 3, 47, 17401
What are the prime factors of 39118637?
39118637
What are the prime factors of 94619282?
2, 89, 531569
What are the prime factors of 5810567834?
2, 223, 13028179
List the prime factors of 12865147.
19, 677113
What are the prime factors of 23190695?
5, 11, 557, 757
List the prime factors of 44690080.
2, 5, 37, 7549
List the prime factors of 30743854.
2, 17, 743, 1217
What are the prime factors of 111994150?
2, 5, 2239883
What are the prime factors of 4118953127?
4118953127
List the prime factors of 505794388.
2, 11, 31, 601, 617
List the prime factors of 148944357.
3, 181, 91433
What are the prime factors of 1418865291?
3, 157651699
List the prime factors of 24767534.
2, 11, 1125797
What are the prime factors of 28768361?
28768361
List the prime factors of 90052631.
487, 184913
List the prime factors of 583546.
2, 283, 1031
What are the prime factors of 397890228?
2, 3, 33157519
What are the prime factors of 353829717?
3, 3323, 11831
What are the prime factors of 100735009?
23, 29, 151027
List the prime factors of 940319348.
2, 19, 2417, 5119
What are the prime factors of 455441620?
2, 5, 22772081
What are the prime factors of 987779312?
2, 13, 365303
What are the prime factors of 58781405?
5, 29, 59, 6871
What are the prime factors of 72086132?
2, 97, 185789
List the prime factors of 919621144.
2, 13, 23, 41, 9377
List the prime 